, 8231, 101449
List the prime factors of 409677849.
3, 7, 17, 382519
List the prime factors of 73316209.
31, 1459, 1621
What are the prime factors of 4050701613?
3, 7, 64296851
What are the prime factors of 3529414713?
3, 11, 163, 656147
What are the prime factors of 400887888?
2, 3, 199, 41969
What are the prime factors of 320485776?
2, 3, 13, 191, 2689
List the prime factors of 35029691.
35029691
What are the prime factors of 10963935?
3, 5, 243643
What are the prime factors of 45573204?
2, 3, 79, 48073
What are the prime factors of 3968357316?
2, 3, 7, 11, 127, 4831
List the prime factors of 103953634.
2, 59, 229, 3847
What are the prime factors of 91655983?
1367, 67049
What are the prime factors of 200558893?
200558893
List the prime factors of 1231894163.
79, 467, 33391
List the prime factors of 10110157.
10110157
List the prime factors of 359139248.
2, 13, 29, 59539
What are the prime factors of 6464091?
3, 163, 13219
What are the prime factors of 5857535146?
2, 2928767573
List the prime factors of 71744409.
3, 11, 65881
What are the prime factors of 62853038?
2, 457, 68767
List the prime factors of 365881631.
23, 53, 300149
What are the prime factors of 2923918719?
3, 197, 1427, 3467
What are the prime factors of 849539890?
2, 5, 149, 570161
List the prime factors of 4421852.
2, 1105463
What are the prime factors of 4710923731?
37, 127322263
What are the prime factors of 264337823?
19, 47, 296011
List the prime factors of 26299066.
2, 151, 87083
What are the prime factors of 84123121?
23, 3657527
What are the prime factors of 108765623?
61, 1783043
What are the prime factors of 385084156?
2, 29, 631, 5261
What are the prime factors of 88842788?
2, 421, 52757
What are the prime factors of 286094521?
286094521
What are the prime factors of 4465846?
2, 7, 11, 47, 617
List the prime factors of 2447054281.
7, 157, 2226619
List the prime factors of 2405457016.
2, 1123, 267749
List the prime factors of 314197846.
2, 11483, 13681
What are the prime factors of 778611846?
2, 3, 129768641
List the prime factors of 1492987274.
2, 746493637
List the prime factors of 2837389104.
2, 3, 11, 37, 48413
List the prime factors of 3520685311.
11, 13, 24620177
List the prime factors of 87851955.
3, 5, 5856797
List the prime factors of 452284873.
19, 113, 210659
List the prime factors of 585393597.
3, 65043733
What are the prime factors of 6938490820?
2, 5, 563, 616207
List the prime factors of 65895717.
3, 79, 278041
List the prime factors of 987943868.
2, 2953, 83639
List the prime factors of 1014333868.
2, 253583467
What are the prime factors of 300979412?
2, 75244853
List the prime factors of 412582699.
743, 555293
List the prime factors of 112757378.
2, 59, 353, 2707
What are the prime factors of 2331785850?
2, 3, 5, 15545239
List the prime factors of 2958153185.
5, 13, 3500773
List the prime factors of 504506370.
2, 3, 5, 83, 202613
What are the prime factors of 30445583?
7, 23, 127, 1489
List the prime factors of 2175874618.
2, 157, 6929537
What are the prime factors of 85089253?
7127, 11939
List the prime factors of 1656779674.
2, 11, 199, 34403
List the prime factors of 3176310136.
2, 191, 1117, 1861
What are the prime factors of 243939628?
2, 60984907
List the prime factors of 873384487.
873384487
List the prime factors of 1217046326.
2, 608523163
List the prime factors of 180614608.
2, 19, 47, 12641
What are the prime factors of 769060603?
17, 2081, 21739
What are the prime factors of 3495404179?
19, 183968641
List the prime factors of 94479708.
2, 3, 53, 149, 997
What are the prime factors of 6008062827?
3, 13, 19, 8108047
What are the prime factors of 544324713?
3, 181441571
What are the prime factors of 2082453374?
2, 839, 1241033
List the prime factors of 48967661.
3389, 14449
What are the prime factors of 172412793?
3, 7, 17, 31, 577
What are the prime factors of 5338647128?
2, 181, 1321, 2791
What are the prime factors of 81303842?
2, 40651921
What are the prime factors of 2243606408?
2, 280450801
What are the prime factors of 45502897?
11, 17, 2011
What are the prime factors of 166358038?
2, 7, 11, 154321
What are the prime factors of 41870692?
2, 139, 75307
What are the prime factors of 6077628?
2, 3, 79, 2137
What are the prime factors of 399194409?
3, 31, 41, 104693
What are the prime factors of 210513385?
5, 73, 576749
What are the prime factors of 120372018?
2, 3, 13, 23, 229, 293
List the prime factors of 18139338.
2, 3, 7, 19, 7577
What are the prime factors of 533757?
3, 7, 3631
What are the prime factors of 307018113?
3, 17, 307, 19609
What are the prime factors of 207374979?
3, 7, 9874999
What are the prime factors of 168652740?
2, 3, 5, 19, 239, 619
List the prime factors of 404703678.
2, 3, 73, 311, 2971
List the prime factors of 11922085.
5, 7, 53, 6427
List the prime factors of 2440841497.
2440841497
List the prime factors of 993585699.
3, 73, 1512307
What are the prime factors of 101914678?
2, 71, 313, 2293
List the prime factors of 1436203650.
2, 3, 5, 7, 31, 44123
What are the prime factors of 4137848293?
4137848293
What are the prime factors of 3435594222?
2, 3, 1567, 365411
What are the prime factors of 104554550?
2, 5, 23, 90917
List the prime factors of 1012460640.
2, 3, 5, 2109293
What are the prime factors of 55634733?
3, 7, 11, 43, 1867
List the prime factors of 1774458467.
29, 1229, 49787
List the prime factors of 415374.
2, 3, 107, 647
What are the prime factors of 1887371791?
31, 60882961
What are the prime factors of 47464590?
2, 3, 5, 29, 89, 613
What are the prime factors of 12179194?
2, 6089597
What are the prime factors of 1807989466?
2, 1297, 696989
List the prime factors of 424103194.
2, 757, 280121
What are the prime factors of 331580695?
5, 107, 271, 2287
List the prime factors of 84920111.
84920111
List the prime factors of 3452550096.
2, 3, 1601, 44927
What are the prime factors of 380508460?
2, 5, 2963, 6421
List the prime factors of 1542912.
2, 3, 7, 41
List the prime factors of 96009504.
2, 3, 1000099
What are the prime factors of 5498749371?
3, 15661, 117037
List the prime factors of 285245259.
3, 13, 7313981
List the prime factors of 3673033320.
2, 3, 5, 11, 2782601
What are the prime factors of 65608237?
29, 2262353
What are the prime factors of 775431726?
2, 3, 379, 340999
List the prime factors of 1104206338.
2, 17, 167, 194471
What are the prime factors of 52231925?
5, 127, 16451
What are the prime factors of 102156645?
3, 5, 107, 63649
List the prime factors of 4019092298.
2, 13, 17, 157, 57917
What are the prime factors of 89900696?
2, 29, 387503
What are the prime factors of 863580560?
2, 5, 29, 251, 1483
List the prime factors of 834804982.
2, 11, 149, 233, 1093
What are the prime factors of 210165246?
2, 3, 53, 73433
List the prime factors of 73213974.
2, 3, 307, 13249
List the prime factors of 22641566.
2, 211, 53653
List the prime factors of 952424865.
3, 5, 7, 1007857
List the prime factors of 26333966.
2, 13166983
List the prime factors of 399791122.
2, 19, 311, 33829
List the prime factors of 5016028.
2, 47, 26681
List the prime factors of 219215849.
31, 43, 47, 3499
List the prime factors of 172864992.
2, 3, 1800677
What are the prime factors of 357862451?
23, 15559237
List the prime factors of 460904068.
2, 17, 281, 24121
What are the prime factors of 80865151?
197, 601, 683
What are the prime factors of 60362129?
109, 401, 1381
What are the prime factors of 1848067436?
2, 462016859
List the prime factors of 5778772123.
5778772123
What are the prime factors of 1570953734?
2, 7, 103, 1089427
What are the prime factors of 399078313?
23, 43, 139, 2903
What are the prime factors of 41464962?
2, 3, 7, 11, 29917
List the prime factors of 354466348.
2, 88616587
List the prime factors of 33946191.
3, 193, 19543
What are the prime factors of 2962341270?
2, 3, 5, 7, 439, 10711
List the prime factors of 35169542.
2, 283, 62137
List the prime factors of 16228139.
29, 559591
List the prime factors of 13284254.
2, 6642127
List the prime factors of 669175714.
2, 83, 4031179
What are the prime factors of 147707994?
2, 3, 7, 31, 41, 2767
What are the prime factors of 2069713?
2069713
What are the prime factors of 1613333940?
2, 3, 5, 37, 233, 3119
List the prime factors of 120683674.
2, 29, 59, 